{"id":166,"date":"2014-12-01T22:48:32","date_gmt":"2014-12-01T21:48:32","guid":{"rendered":"https:\/\/mspaquarius.pl\/?page_id=166"},"modified":"2018-09-14T17:03:35","modified_gmt":"2018-09-14T15:03:35","slug":"instruktorzy","status":"publish","type":"page","link":"https:\/\/mspaquarius.pl\/?page_id=166","title":{"rendered":"Instruktorzy"},"content":{"rendered":"<p><b>\u00a0<\/b><br \/>\nmgr Agnieszka Pustelnik<br \/>\ninstruktor p\u0142ywania, s\u0119dzia p\u0142ywacki<br \/>\nnauczyciel WF<br \/>\nabsolwent Akademii Wychowywania Fizycznego<br \/>\nw Krakowie<\/p>\n<p>mgr Cezary Janicki<br \/>\ninstruktor p\u0142ywania,s\u0119dzia p\u0142ywacki<br \/>\nnauczyciel WF<br \/>\nabsolwent Akademii Wychowywania Fizycznego<br \/>\nw Katowicach<\/p>\n<p>mgr Agnieszka Kasprzycka<br \/>\ninstruktor p\u0142ywania,s\u0119dzia p\u0142ywacki<br \/>\nnauczyciel WF<br \/>\nabsolwent Akademii Wychowywania Fizycznego<\/p>\n<p>mgr Gra\u017cyna Cicho\u0144 &#8211; Owca<br \/>\ninstruktor p\u0142ywania,s\u0119dzia p\u0142ywacki<br \/>\nnauczyciel WF<br \/>\nabsolwent Akademii Wychowywania Fizycznego<\/p>\n<p>mgr Ma\u0142gorzata Str\u0105g-trener starszej grupy zawodniczej<br \/>\ninstruktor p\u0142ywania,s\u0119dzia p\u0142ywacki<br \/>\nnauczyciel WF<br \/>\nabsolwent Akademii Wychowywania Fizycznego<\/p>\n<p>&nbsp;<\/p>\n<p>&nbsp;<\/p>\n","protected":false},"excerpt":{"rendered":"<p>\u00a0 mgr Agnieszka Pustelnik instruktor p\u0142ywania, s\u0119dzia p\u0142ywacki nauczyciel WF absolwent Akademii Wychowywania Fizycznego w Krakowie mgr Cezary Janicki instruktor p\u0142ywania,s\u0119dzia p\u0142ywacki nauczyciel WF absolwent Akademii Wychowywania Fizycznego w Katowicach mgr Agnieszka Kasprzycka instruktor p\u0142ywania,s\u0119dzia p\u0142ywacki nauczyciel WF absolwent Akademii &hellip; <a href=\"https:\/\/mspaquarius.pl\/?page_id=166\">Czytaj dalej <span class=\"meta-nav\">&rarr;<\/span><\/a><\/p>\n","protected":false},"author":3,"featured_media":0,"parent":0,"menu_order":0,"comment_status":"closed","ping_status":"closed","template":"","meta":{"footnotes":""},"class_list":["post-166","page","type-page","status-publish","hentry"],"_links":{"self":[{"href":"https:\/\/mspaquarius.pl\/index.php?rest_route=\/wp\/v2\/pages\/166","targetHints":{"allow":["GET"]}}],"collection":[{"href":"https:\/\/mspaquarius.pl\/index.php?rest_route=\/wp\/v2\/pages"}],"about":[{"href":"https:\/\/mspaquarius.pl\/index.php?rest_route=\/wp\/v2\/types\/page"}],"author":[{"embeddable":true,"href":"https:\/\/mspaquarius.pl\/index.php?rest_route=\/wp\/v2\/users\/3"}],"replies":[{"embeddable":true,"href":"https:\/\/mspaquarius.pl\/index.php?rest_route=%2Fwp%2Fv2%2Fcomments&post=166"}],"version-history":[{"count":10,"href":"https:\/\/mspaquarius.pl\/index.php?rest_route=\/wp\/v2\/pages\/166\/revisions"}],"predecessor-version":[{"id":1249,"href":"https:\/\/mspaquarius.pl\/index.php?rest_route=\/wp\/v2\/pages\/166\/revisions\/1249"}],"wp:attachment":[{"href":"https:\/\/mspaquarius.pl\/index.php?rest_route=%2Fwp%2Fv2%2Fmedia&parent=166"}],"curies":[{"name":"wp","href":"https:\/\/api.w.org\/{rel}","templated":true}]}}